mainder when 25 is divided by k(5)?
4
Suppose -4*q + 2*q = -6. Let h be 0*q*3/9. Suppose 2*w + l - 86 = 0, 2*w + l - 3*l - 74 = h. What is the remainder when w is divided by 14?
13
Suppose -31 = -2*f + 27. Suppose -15*m + 230 = -13*m. What is the remainder when m is divided by f?
28
Let y(v) = v**3 - v - 1. Let h(q) = 3*q**3 + 6*q**2 - 5*q - 3. Let o(c) = h(c) - 2*y(c). What is the remainder when o(-6) is divided by 9?
8
What is the remainder when 23 is divided by ((-2)/8)/(6/(-96))?
3
Suppose 90 = 2*p + p. Let v = 26 + -26. Suppose v = -5*l - l + 66. What is the remainder when p is divided by l?
8
Let d = 187 - 108. What is the remainder when d is divided by 9?
7
Let h be (-1552)/(-52) - 4/(-26). Suppose -2*t = i - 8 - 6, 3*t - 3*i - h = 0. Calculate the remainder when 29 is divided by t.
5
Let l(t) = 8*t - 3. Let f = 4 + 2. Suppose 7*x - f*x + 4*v = -16, 0 = -5*x + 3*v + 35. Calculate the remainder when l(x) is divided by 10.
9
Calculate the remainder when (-2)/(-3) - 174/(-9) is divided by 11.
9
Let v(y) = -29*y**2 + y + 1. Let f be v(-1). Let b = f - -49. Calculate the remainder when b is divided by 11.
9
Suppose -4*x + 129 = -7. Let l(k) = -k**2 + 6*k. Let t be l(5). Suppose -3*i + 57 = t*o - 6*i, 3*o + 2*i - 38 = 0. What is the remainder when x is divided by o?
10
Suppose -5*v - 63 = -12*v. Calculate the remainder when 69 is divided by v.
6
Suppose -16*l - 54 = -19*l. What is the remainder when 141 is divided by l?
15
Let y be (4/2)/(3/24). Let d = 35 - y. Calculate the remainder when d is divided by 10.
9
Let c(d) = -d**3 + 7*d**2 - 5*d + 6. Let j be (12/(-20))/((-1)/10). Suppose t - 6*t = -110. What is the remainder when t is divided by c(j)?
10
Suppose -498 + 1594 = 4*c. Suppose -2*r = 2*r - y + 347, 0 = -3*r - 2*y - c. Calculate the remainder when r/(-12) + 2/3 is divided by 3.
2
Suppose 0 = -0*t + 5*t - 130. Let q be t/(-4) + (-3)/(-6). What is the remainder when 23 is divided by (q + -2)/((-2)/3)?
11
Let t(r) = -2*r**3 - r**2 - 2*r - 1. Calculate the remainder when 26 is divided by t(-2).
11
Calculate the remainder when 80 is divided by (2/(-4))/((-8)/272).
12
Suppose -3*p + p + 2*y = -68, 3*y - 84 = -3*p. Suppose 5*t = p + 4. Calculate the remainder when 20 is divided by t.
6
Calculate the remainder when (-3)/(-1) + (-5 - -65) is divided by 16.
15
What is the remainder when ((-1)/4*14)/((-5)/330) is divided by 18?
15
Let b = -6 + 14. Suppose 0 = 3*y - 6*y + 15. Suppose -f = -y*x - 7, -2*x = 4*f - 5*x - 79. Calculate the remainder when f is divided by b.
6
Suppose -8*i = -9*i - 4. Calculate the remainder when (-2)/4 + (-62)/i is divided by 8.
7
Let r = -3 - -3. What is the remainder when (2 - 0)/(1 + r) is divided by 6/2 + 0 + -1?
0
Let q(l) = 9*l**3 + l. Let o be q(1). Suppose 5*v - 5 = o. Calculate the remainder when 5 is divided by v.
2
Suppose 0 = -3*v - 6 - 15. Let z(d) = -d**3 - 6*d**2 + 5*d + 4. What is the remainder when z(v) is divided by 5?
3
Let s(n) = -2 - n**2 - n**3 - 11*n - 8*n**2 - 5. What is the remainder when s(-8) is divided by 6?
5
Suppose -10 = -2*h - 3*h. Suppose 2*a - h*p = p + 21, 5*p = -a + 30. What is the remainder when 43 is divided by a?
13
Let l = 8 - 5. Calculate the remainder when 9 is divided by l.
0
Let j(t) = t**3 - 3*t**2 - 3*t - 2. Let g be j(4). What is the remainder when (-3 + -8)*-2 - g is divided by 7?
6
Suppose 2*j - 81 = -3*c, 0 = 5*j + 5*c - 155 - 45. Calculate the remainder when j is divided by 11.
6
Let h be (-2)/3 - (-936)/27. Suppose 5*k - 31 = h. Calculate the remainder when 23 is divided by k.
10
Let x = 211 + -98. Suppose -3*c + x = 44. Suppose 2*m + u + 4*u = 1, 4*u = -4*m + 20. What is the remainder when c is divided by m?
7
Let q = 24 - 19. What is the remainder when (-2)/3*(q + -14) is divided by 4?
2
Let o(s) = -3*s - 6. Let t(w) be the first derivative of w**3/3 - 5*w**2/2 - 10*w + 1. What is the remainder when o(-4) is divided by t(7)?
2
Suppose 0*o - 2*o + 72 = 0. Let h(r) = -r**2 - 7*r - 4. Let s be h(-4). Let m(y) = y**3 - 9*y**2 + 11*y - 5. Calculate the remainder when o is divided by m(s).
17
Let l(f) = f + 1. Suppose 2*c + 0*c + 8 = 0. Let h(o) = o**2 + 5*o + 4. Let s be h(c). What is the remainder when l(s) is divided by 1?
0
Suppose s - 12 - 6 = 0. Calculate the remainder when s is divided by 6.
0
Suppose q = 0, 3*p - q - 2*q = 15. What is the remainder when 33 is divided by p?
3
Let f be -15*(-1 - 2/(-3)). Suppose 0 = -f*i - u - 3*u + 278, 3*u - 165 = -3*i. Calculate the remainder when i is divided by 20.
18
Suppose 0*f = 5*h - f - 80, -2*f = -5*h + 80. What is the remainder when 28 is divided by h?
12
Let o be (-6 + 2)*2/(-4). Suppose 0*m = -o*m + 8. Suppose -6*f + 14 = -4*f. Calculate the remainder when f is divided by m.
3
Suppose 2*p - 69 = -4*c - p, 0 = -5*p - 25. Let g = 1 + 3. Suppose 7*s = g*s + 36. Calculate the remainder when c is divided by s.
9
Suppose d + 4*d - 3*h = 19, -2*h = 2*d + 2. What is the remainder when d*(-2 + 5/2) is divided by 1?
0
Suppose -4*a + 25 + 1 = 2*x, -x + 2*a + 1 = 0. Calculate the remainder when x is divided by 4.
3
Suppose -7*q + 114 = -q. Calculate the remainder when 36 is divided by q.
17
Suppose 11*p = 15*p - 32. Calculate the remainder when p is divided by 3.
2
Suppose h - 16 = -4. Calculate the remainder when 95 is divided by h.
11
Suppose 31 = y + 2*p, y - 5*p - 13 = -p. Let w be (-4)/(-28) - 16/14. Calculate the remainder when y is divided by (4 + -2 - w) + 11.
11
Let p(m) = -m**3 - 4*m**2 - 5*m - 3. Let u be p(-3). Suppose -5*t = -u*t - 4. Suppose -f + 1 = -t. What is the remainder when 5 is divided by f?
2
Calculate the remainder when (0 + 12/(-8))*-6 is divided by 4.
1
Let v(q) = -q**3 + 9*q**2 + 3*q - 12. What is the remainder when v(9) is divided by 4?
3
Suppose 3*o - 57 - 15 = 0. Suppose -102 = -5*n - 3*a, -n + 6*a - 3*a = -o. What is the remainder when n is divided by 8?
5
What is the remainder when ((-2)/4)/((-3)/402) is divided by 18?
13
Suppose z = -2*z + 3*m + 51, 5 = 5*m. Suppose 2*w + 4*s = z, w + 4*s = 3 + 6. Suppose -9*b + 355 = 130. Calculate the remainder when b is divided by w.
7
Let f = 27 + -13. Calculate the remainder when f is divided by 4.
2
Let w(m) = -m + 2. Let r be w(2). Suppose r = -n - 9 + 22. Let c = -31 + 56. Calculate the remainder when c is divided by n.
12
Let z(p) = -4*p - 2*p + p + 2 + 6*p. Calculate the remainder when 50 is divided by z(11).
11
Let x be -10*(-3)/6 - 2. Suppose -3*s = q + 2*q + x, s - 3*q - 11 = 0. Let v(d) = 2*d**3 - 2*d**2 + 4*d - 3. Calculate the remainder when 38 is divided by v(s).
12
Let u = 8 - -1. What is the remainder when 79 is divided by 141/u - 1/(-3)?
15
Suppose 0 = 3*f + 3. Let d = f + 2. Calculate the remainder when 1 is divided by d.
0
Let s(t) = t**2 + t. Let c be s(4). Suppose 0 = -5*w - 49 + 4. Let u = w + c. What is the remainder when u is divided by 6?
5
Let a be (0 - 4)/(4/(-2)). Suppose -a*m + 10 = -4. What is the remainder when m is divided by 5?
2
Let k be (-3 - -2 - 0)*1. Let z be -1*0*(0 - k). Suppose -4*p + 77 - 9 = z. Calculate the remainder when p is divided by 9.
8
Let p(n) = n**3 - 8*n**2 + 8*n - 4. Let a be p(7). What is the remainder when 28 is divided by 4/(8/26) - a?
8
Let i be -7 + 10 + (-1 - -39). Suppose -6*u + 2*u = -3*y - i, 5*y - 1 = -2*u. Calculate the remainder when 31 is divided by u.
7
Let s = 41 + -17. Calculate the remainder when s is divided by 13.
11
Let t = -104 - -147. Calculate the remainder when 170 is divided by t.
41
Suppose -f + 26 = 4*q, 5*f - 5*q - 61 = 2*f. Suppose 0*x = x + 5*m - 37, -3*x + 4*m = -16. What is the remainder when f is divided by x?
10
Calculate the remainder when ((-1)/(-2))/(13/702) is divided by 10.
7
What is the remainder when 4 is divided by -6 + 9 + -1 + 1?
1
Let j = 4 - -7. Let r = 42 + -21. Calculate the remainder when r is divided by j.
10
Let o(m) be the first derivative of -m**4/2 + m**3/3 + m**2 + m + 2. Let x be o(-1). Calculate the remainder when 11*-3*x/(-6) is divided by 4.
3
Suppose 0 = 11*r - 10*r - 129. Suppose -3*o + n = -167, 4*o - 89 = -n + r. What is the remainder when o is divided by 28?
27
Let j(b) be the first derivative of 5*b**3 - b + 5. Let u(p) = -p**3 - 4*p**2 - p - 3. Let v be u(-4). Calculate the remainder when 27 is divided by j(v).
13
Let z be (800/(-6))/((-